 prime factors of f?
3
Suppose -4*k + 4*b = -k - 208, -2*k - 2*b + 148 = 0. What are the prime factors of k?
2, 3
Let i(r) = -13*r**2 + 11*r + 2. Let k(a) = 7*a**2 - 6*a - 1. Let x(h) = -6*i(h) - 11*k(h). What are the prime factors of x(-4)?
3, 5
Let o = 83 - 46. List the prime factors of o.
37
Suppose -5*t = -25, 0 = 3*r - t + 4*t - 30. Suppose -r*c + 15 = -25. List the prime factors of c.
2
Let o(r) = 53*r**3 + 1. List the prime factors of o(1).
2, 3
Let c(f) = -f**2 + 16. Let g = -7 - -7. Suppose g*q = q. What are the prime factors of c(q)?
2
Suppose 5*p - p = 0. Let i = p + 2. List the prime factors of i.
2
Let o(z) = -2*z**2 + 12*z - 7. List the prime factors of o(5).
3
What are the prime factors of ((-1)/(-3))/(8/96)?
2
Suppose 0 = 9*b - 2*b - 413. List the prime factors of b.
59
Let w(m) = -m + 1. Let i be w(2). Let c be 5 + 1 + i + 1. What are the prime factors of (0 + c)*(-15)/(-6)?
3, 5
Let q(s) be the second derivative of s**6/180 + s**5/30 - s**4/12 - 2*s. Let t(y) be the third derivative of q(y). List the prime factors of t(4).
2, 5
Suppose -20 + 5 = 3*f. What are the prime factors of (1/3)/(f/(-150))?
2, 5
Let y(a) be the first derivative of -3*a**2/2 - 3*a + 3. What are the prime factors of y(-7)?
2, 3
Let n(z) = 51*z**2 + 4*z + 4. List the prime factors of n(-1).
3, 17
Suppose 0 = 5*a - y - 0*y - 6, -10 = 5*a - 5*y. Suppose 0 = c - a*v - 40, 0*c - 28 = -c - 4*v. What are the prime factors of c?
2, 3
Suppose 4*x - 42 = -f - 9, 0 = -x - 2*f + 10. What are the prime factors of x?
2
Let n = 11 - -34. List the prime factors of n.
3, 5
Let j be ((-2)/(-3))/(2/(-6)). Let m = 4 + j. Suppose p - 3*v = 17, m*p = -2*v - 2 + 4. What are the prime factors of p?
5
What are the prime factors of 362/8 + 19/4 + -5?
3, 5
Suppose -m + 2*m - 45 = 0. Suppose -3*t - 2*t + m = 0. List the prime factors of t.
3
Let d(c) = 4 + c**2 - 2*c**3 - c**2 + c**3 - c**2 - c. What are the prime factors of d(-3)?
5
Let i(f) = f - 3 - 8 - 3. Let d be i(6). What are the prime factors of 0 - (-4)/(d/(-10))?
5
Suppose y - 2*j + 2 = -y, -5*y + j + 11 = 0. Suppose y*x = -x + 12. What are the prime factors of x?
3
Let s be (-2 - 20/(-8))*10. Suppose -2*x - 60 = -s*x. List the prime factors of x.
2, 5
Let l be (-3 - -4) + (-2 - 2). Let k be (-1)/l*(9 - 9). Suppose -15 = -h - k*h. What are the prime factors of h?
3, 5
Let w = -18 - -32. Suppose 0*x - 14 = -x - 3*o, -o = -x + w. List the prime factors of x.
2, 7
Let w be 3*(40/(-12))/(-5). Suppose 86 = -b + 4*b - 5*u, -w*b + 40 = u. List the prime factors of b.
2, 11
Suppose -b = 3*f - 25, 4*b + 4*f - 33 = 51. What are the prime factors of b?
19
Suppose -16 = -y + 11. Suppose 2*p - 4*p + 16 = z, -2*z = 3*p - y. Suppose -2*s - 48 = -z*s. List the prime factors of s.
2, 3
Suppose -4*q + 8*q + 20 = 0. Let o = 8 + q. List the prime factors of o.
3
Let y = -92 + 148. What are the prime factors of y?
2, 7
Let x(n) = -2*n - 7. Let k = -37 + 26. List the prime factors of x(k).
3, 5
Let d(q) = 5*q**3 - 6*q**2 - 4. Let y(a) = 11*a**3 - 13*a**2 - 8. Let s(n) = 9*d(n) - 4*y(n). Suppose m - 4*m + 9 = 0. List the prime factors of s(m).
5
Let u be (0 - -3) + (-7 - -6). Let w = u - -13. What are the prime factors of w?
3, 5
Suppose 4*r = r + 4*k + 740, 0 = 4*r + 5*k - 935. What are the prime factors of r?
2, 3, 5
Let i(u) = 2*u**2 - u - 24. What are the prime factors of i(-7)?
3
Let c = -35 + 61. What are the prime factors of c?
2, 13
Suppose 0 = -v - 4*w + 19, -w + 2 + 4 = -v. Let t = v - -3. What are the prime factors of t?
2
Suppose h - 5*h = -p - 501, -2*p + 132 = h. What are the prime factors of h?
2, 3, 7
Let p be (-14)/(-6)*(-1 + 4). Suppose -p*j + 12 = -4*j. What are the prime factors of j?
2
Let n(m) = -m - 1. Let f be n(1). Let z(i) = 7*i**2. List the prime factors of z(f).
2, 7
Let p = -3 + 4. Let h = 4 - p. Suppose 0*a - 9 = -h*a. What are the prime factors of a?
3
Suppose 2*t - 7*t + 495 = 0. List the prime factors of t.
3, 11
What are the prime factors of 92/16*(2 + 2)?
23
Suppose -t = -5*j + 22, -j - 2*j + 2*t = -16. Suppose 5*s + 7 = -3*g, 0*g = -j*g - s + 19. What are the prime factors of g?
2, 3
Suppose 0 = -4*g - 4*n + 172, -2*g + 4*n + 50 + 12 = 0. List the prime factors of g.
3, 13
Let f be 3 + (0 - (6 + -3)). Suppose 4*c = -f*c + 76. List the prime factors of c.
19
Suppose -407 = -5*b + 18. Suppose -4*x = x - b. What are the prime factors of x?
17
Let f = 5 + -5. Suppose -4*o + f*a + 45 = -5*a, 5*o = -5*a + 90. What are the prime factors of o?
3, 5
Let h(i) = 31*i - 8. List the prime factors of h(4).
2, 29
Suppose -2*o + 4*n + 16 = 0, 3*o - 2*n = 8*o - 16. Suppose 4*s + 16 = 0, k - 5*k + o*s = -116. Let t = -6 + k. What are the prime factors of t?
19
Let i(n) = n - 3. Let q be i(6). List the prime factors of (-1)/q - 336/(-9).
37
List the prime factors of (-1 + 8)/(10/20).
2, 7
Suppose 2*i = 19 + 9. Suppose l = -2*f + 22, -5*l + 4 = -2*f + i. What are the prime factors of f?
2, 5
Let x(y) = -y**3 + 2*y**2 + 4*y. Let w be x(3). Suppose 0 = -4*q + 5*d - 82 + 259, w*d - 57 = -q. Suppose -5*l + q - 3 = 0. What are the prime factors of l?
3
Suppose 0 = -2*m + 6*m - 812. Suppose -59 = 4*n - m. List the prime factors of n.
2, 3
Suppose -3*b - 3*g + 234 = 0, -b - 4*g = -4 - 59. Suppose -4*j - 3*u + 8*u + 73 = 0, -b = -5*j - 2*u. What are the prime factors of j?
17
Let f = 128 + 146. List the prime factors of f.
2, 137
Let k = -30 - -66. List the prime factors of k.
2, 3
Suppose -4*w + 143 = 47. Suppose 0*a + w = 3*a. List the prime factors of a.
2
Suppose 0 = -2*b - 4, -4*u = 5*b - 7 + 1. Suppose 3*c = -20 + 8, u*i - 60 = -3*c. List the prime factors of i.
2, 3
List the prime factors of ((-91)/(-14))/(2/12).
3, 13
Let i = 12 - -34. Suppose 0 = 5*u + k - i, 0*k + 5*k = 3*u - 22. List the prime factors of u.
3
Suppose -2*a + 6 - 4 = 0. Let m = a + -5. What are the prime factors of 4 + m + 0 + 22?
2, 11
Suppose -4*h = -10 - 14. List the prime factors of 4*3/(h/4).
2
Let z(f) = 2*f**2 + 17*f + 17. Let o(j) = -3*j**2 - 26*j - 26. Let q(t) = 5*o(t) + 7*z(t). Let l = 5 + -14. List the prime factors of q(l).
7
Suppose -30 = -6*t + 3*t. List the prime factors of (-4)/(-20) - (-38)/t.
2
What are the prime factors of (3 + -6)*(-35)/3?
5, 7
Let p be 1/2 + 34/(-4). Let x be (p/6)/(4/(-6)). Suppose 4*o = 10 + x. List the prime factors of o.
3
Let p(w) be the second derivative of w**3/6 - w**2/2 + 3*w. Let a(j) = j**3 + 3*j**2 - j + 1. Let g(u) = -a(u) + 5*p(u). List the prime factors of g(-5).
2, 7
Let q = 5 - 1. Let i(y) = -y**3 + 6*y**2 - 4*y + 2. List the prime factors of i(q).
2, 3
Suppose 0 = 5*v - 8*v + 90. List the prime factors of v.
2, 3, 5
Let j(y) = -y**3 - y**2 + 7. Let l = 8 - 5. Suppose d + 10 = -2*o + 6*d, -5*d + 10 = l*o. List the prime factors of j(o).
7
Let f(i) be the third derivative of -i**5/60 - 7*i**4/24 + 5*i**3/3 + 7*i**2. List the prime factors of f(-6).
2
List the prime factors of ((-12)/8)/(6/(-116)).
29
List the prime factors of 2*129/2*(-15)/(-9).
5, 43
Let b(c) = c**3 - 8*c**2 + 9*c + 6. Let m be b(8). Suppose -2*q = -0*q - m. List the prime factors of q.
3, 13
Let b be 53/2 - (-3)/6. Let c be 6/b + (-11)/9. List the prime factors of (-6)/(-3 - -1) + c.
2
What are the prime factors of 4314/21 + (-3)/7?
5, 41
Let u = -64 - -107. What are the prime factors of u?
43
Let d(r) = -r**2 - 5*r - 3. Let k be d(-3). List the prime factors of 4 - 3/9*k.
3
Let y(r) = -r**3 + 6*r**2 + 8*r - 7. Let x be y(7). Suppose c + x*c - 2 = 0. Suppose c*v - 4*i + 36 = 6*v, -18 = -2*v + 3*i. What are the prime factors of v?
3
Suppose -5*d - 7 = -22. Let n be ((-102)/(-8))/(10/40). Suppose -c - d*i + 17 = 0, -3*i = -4*c + 2*i + n. What are the prime factors of c?
2, 7
Suppose 3*w - 5*f = 4, 5*w = -0*w - 4*f - 55. Let c be ((-20)/(-6))/((-2)/3). Let g = c - w. What are the prime factors of g?
2
Let i(n) = n**3 - 4*n**2 - 5*n - 4. Let d be i(5). Let u(z) = -3 - 4*z - 3 + 4. List the prime factors of u(d).
2, 7
Let s = 37 - 52. Let n = s + 25. What are the prime factors of n?
2, 5
Let c be (-1)/(2 + (-5)/2). Let z = 5 - c. Suppose 4*u - 52 = -5*f + f, z*u = 5*f - 49. What are the prime factors of f?
11
Suppose -127 = -4*i - 3*a, 3*i + 2*a = 75 + 20. What are the prime factors of i?
31
List the prime factors of 2/21*-6 - 792/(-14).
